03, 2711
What are the prime factors of 337274?
2, 7, 24091
What are the prime factors of 26612913?
3, 157, 56503
List the prime factors of 827820.
2, 3, 5, 7, 73
What are the prime factors of 80732?
2, 20183
List the prime factors of 605528.
2, 7, 11, 983
List the prime factors of 729696.
2, 3, 11, 691
What are the prime factors of 158862?
2, 3, 11, 29, 83
What are the prime factors of 7571890?
2, 5, 733, 1033
List the prime factors of 1476332.
2, 11, 13, 29, 89
List the prime factors of 300061.
191, 1571
List the prime factors of 2278038.
2, 3, 7, 73, 743
List the prime factors of 245715.
3, 5, 16381
List the prime factors of 3243043.
3243043
What are the prime factors of 170075?
5, 6803
List the prime factors of 1157362.
2, 109, 5309
What are the prime factors of 136050?
2, 3, 5, 907
What are the prime factors of 1619554?
2, 263, 3079
List the prime factors of 17070389.
7, 2438627
List the prime factors of 3192325.
5, 149, 857
What are the prime factors of 22009917?
3, 17, 431567
List the prime factors of 186521.
383, 487
What are the prime factors of 920243?
43, 21401
What are the prime factors of 29248361?
1789, 16349
List the prime factors of 2689702.
2, 167, 8053
What are the prime factors of 671383?
671383
List the prime factors of 4023610.
2, 5, 402361
List the prime factors of 193209.
3, 64403
What are the prime factors of 6853983?
3, 787, 2903
What are the prime factors of 15536078?
2, 37, 71, 2957
List the prime factors of 36441.
3, 4049
List the prime factors of 7260672.
2, 3, 29, 163
List the prime factors of 384097.
7, 37, 1483
What are the prime factors of 196591?
29, 6779
What are the prime factors of 19987108?
2, 73, 68449
List the prime factors of 320378.
2, 19, 8431
List the prime factors of 5844650.
2, 5, 7, 16699
List the prime factors of 4694233.
4694233
What are the prime factors of 102749?
37, 2777
What are the prime factors of 7321541?
7321541
List the prime factors of 267159.
3, 19, 43, 109
List the prime factors of 5817139.
29, 200591
List the prime factors of 15071653.
73, 206461
List the prime factors of 5387667.
3, 1795889
List the prime factors of 2095984.
2, 11, 11909
What are the prime factors of 2515201?
13, 17, 19, 599
What are the prime factors of 164230?
2, 5, 11, 1493
What are the prime factors of 151662?
2, 3, 7, 23, 157
List the prime factors of 21010433.
21010433
What are the prime factors of 953612?
2, 11, 21673
What are the prime factors of 549715?
5, 109943
List the prime factors of 89684.
2, 7, 3203
What are the prime factors of 7039745?
5, 43, 137, 239
List the prime factors of 190347.
3, 67, 947
List the prime factors of 32136936.
2, 3, 13, 17, 73, 83
List the prime factors of 309197.
7, 44171
What are the prime factors of 189073?
71, 2663
What are the prime factors of 30102852?
2, 3, 13, 17, 11351
What are the prime factors of 544661?
13, 41897
List the prime factors of 14394602.
2, 31, 232171
What are the prime factors of 109804?
2, 97, 283
List the prime factors of 632315.
5, 17, 43, 173
List the prime factors of 1426932.
2, 3, 13, 3049
What are the prime factors of 2206224?
2, 3, 5107
List the prime factors of 283385.
5, 19, 157
What are the prime factors of 7113368?
2, 889171
List the prime factors of 158013.
3, 97, 181
What are the prime factors of 92477?
7, 11, 1201
What are the prime factors of 2019108?
2, 3, 7, 13, 43
List the prime factors of 458576.
2, 28661
List the prime factors of 104391.
3, 7, 1657
List the prime factors of 63868.
2, 7, 2281
List the prime factors of 4659949.
7, 95101
List the prime factors of 579764.
2, 144941
What are the prime factors of 8032073?
7, 239, 4801
List the prime factors of 2002775.
5, 80111
What are the prime factors of 669534?
2, 3, 151, 739
List the prime factors of 38839.
38839
List the prime factors of 1698963.
3, 7, 17, 4759
List the prime factors of 99717.
3, 43, 773
List the prime factors of 917081.
11, 263, 317
List the prime factors of 140526.
2, 3, 37, 211
List the prime factors of 163854.
2, 3, 9103
List the prime factors of 350227.
19, 18433
List the prime factors of 507804.
2, 3, 11, 3847
What are the prime factors of 320121?
3, 35569
What are the prime factors of 4351178?
2, 13, 113, 1481
What are the prime factors of 373234?
2, 59, 3163
What are the prime factors of 653025?
3, 5, 8707
List the prime factors of 565426.
2, 282713
What are the prime factors of 1053577?
7, 41, 3671
What are the prime factors of 8619598?
2, 13, 331523
What are the prime factors of 3693925?
5, 139, 1063
List the prime factors of 271811.
271811
List the prime factors of 669254.
2, 23, 14549
What are the prime factors of 16532?
2, 4133
What are the prime factors of 208439?
7, 11, 2707
List the prime factors of 5859946.
2, 2929973
List the prime factors of 298290.
2, 3, 5, 61, 163
List the prime factors of 257283.
3, 13, 733
List the prime factors of 2458058.
2, 37, 59, 563
What are the prime factors of 624554?
2, 7, 6373
What are the prime factors of 8128525?
5, 541, 601
List the prime factors of 3207681.
3, 199
List the prime factors of 11171643.
3, 7, 531983
List the prime factors of 1180842.
2, 3, 13, 15139
What are the prime factors of 252862?
2, 23, 239
What are the prime factors of 2123576?
2, 7, 13, 2917
What are the prime factors of 2092590?
2, 3, 5, 23251
List the prime factors of 732469.
19, 2029
List the prime factors of 214440.
2, 3, 5, 1787
What are the prime factors of 60047?
13, 31, 149
List the prime factors of 200718.
2, 3, 7, 59
List the prime factors of 721024.
2, 43, 131
List the prime factors of 3870443.
31, 124853
List the prime factors of 213520.
2, 5, 17, 157
What are the prime factors of 3473483?
13, 23, 11617
List the prime factors of 3228423.
3, 11, 19, 271
What are the prime factors of 995905?
5, 199181
List the prime factors of 14389485.
3, 5, 11, 37, 2357
List the prime factors of 156133.
43, 3631
List the prime factors of 33880.
2, 5, 7, 11
List the prime factors of 9866541.
3, 3288847
List the prime factors of 1775553.
3, 13, 53, 859
List the prime factors of 6188289.
3, 17, 71, 1709
What are the prime factors of 22911374?
2, 41, 279407
List the prime factors of 1671507.
3, 185723
What are the prime factors of 60333?
3, 7, 13, 17
What are the prime factors of 5872043?
61, 96263
List the prime factors of 22237690.
2, 5, 59, 37691
What are the prime factors of 1233580?
2, 5, 37, 1667
What are the prime factors of 989082?
2, 3, 54949
List the prime factors of 387819.
3, 41, 1051
List the prime factors of 2323570.
2, 5, 232357
What are the prime factors of 3398920?
2, 5, 7, 61, 199
List the prime factors of 61572.
2, 3, 7, 733
List the prime factors of 412674.
2, 3, 109, 631
What are the prime factors of 561382?
2, 29, 9679
List the prime factors of 1003928.
2, 67, 1873
List the prime factors of 417769.
11, 163, 233
What are the prime factors of 199363?
73, 2731
What are the prime factors of 3340591?
31, 107761
What are the prime factors of 1936186?
2, 7, 23, 859
List the prime factors of 163968.
2, 3, 7, 61
What are the prime factors of 218914?
2, 23, 4759
What are the prime factors of 8937689?
83, 257, 419
List the prime factors of 13516681.
13516681
List the prime factors of 4191050.
2, 5, 109, 769
What are the prime factors of 1734141?
3, 578047
What are the prime factors of 213254?
2, 106627
What are the prime factors of 242330?
2, 5, 11, 2203
List the prime factors of 3030539.
17, 89, 2003
What are the prime factors of 3805654?
2, 17, 173, 647
What are the prime factors of 8629436?
2, 37, 199, 293
What are the prime factors of 514153?
53, 89, 109
List the prime factors of 1447289.
263, 5503
What are the prime factors of 312515?
5, 7, 8929
List the prime factors of 3194610.
2, 3, 5, 106487
What are the prime factors of 2337329?
23, 151, 673
What are the prime factors of 1379042?
2, 7, 137, 719
What are the prime factors of 2087528?
2, 260941
What are the prime factors of 359483?
359483
List the prime factors of 298913.
271, 1103
List the prime factors of 145144.
2, 18143
List the prime factors of 3832139.
1423, 2693
What are the prime factors of 874452?
2, 3, 72871
What are the prime factors of 6034777?
7, 131, 6581
List the prime factors of 609564.
2, 3, 79, 643
What are the prime factors of 388791?
3, 13, 3323
List the pr